z - 6*f, 2908 = 4*z - 2*f. Let k be 3/(5/((-20)/(-3))). Suppose k*v - z = -v. Calculate the greatest common divisor of v and 29.
29
Suppose 0 = -15*f + 7860 - 1950. Let u = f - 152. Calculate the greatest common divisor of u and 22.
22
Let i be -156*(-51)/85*(-30)/(-27). What is the highest common divisor of 3224 and i?
104
Suppose -4*b + 17 = -59. Let j be b/((-76)/(-24)) + 80. Calculate the greatest common factor of j and 86.
86
Suppose -44*i + 25424 = -8*i + 20*i. Calculate the highest common factor of 4313 and i.
227
Suppose 3*i = 9, -v - 122*i = -118*i - 87. Calculate the highest common divisor of v and 51.
3
Let a be 4798 + -3 + (-30)/(-6) + -5. Calculate the highest common factor of 35 and a.
35
Let v(i) = -3*i + 20. Let n(q) = q - 1. Let d(j) = -5*n(j) - v(j). Let x be d(-20). Suppose 29*z - 216 = x*z. What is the greatest common factor of 27 and z?
27
Suppose 8*d = 9*d - 5*r - 60, 2*r + 168 = 4*d. Calculate the highest common factor of d and 430.
10
Suppose 679*y - 638 = 1689 + 389. Calculate the greatest common factor of y and 4028.
4
Let n be 14/21 + (-314)/3. Let q = -48 - n. Calculate the highest common factor of 224 and q.
56
Let c be 4/(-22) + 19035/(-517). Let g = c + 46. Suppose t = 2*t - 81. What is the greatest common divisor of t and g?
9
Let w be (9 + -3 - -1) + -997. Let l = w + 997. What is the greatest common factor of 77 and l?
7
Let m(f) = 236*f + 830. Let z be m(30). What is the greatest common divisor of z and 140?
70
Let j(u) = -34*u + 355. Let t be j(10). Let d be (72/(-20))/((-9)/t). Calculate the highest common factor of 366 and d.
6
Let p(j) = 4*j**3 + 183*j**2 + 25*j + 195. Let q be p(-45). Calculate the highest common divisor of q and 63.
21
Let i = 13976 - 13974. Let p be 1/4 + (-23)/(-4). Calculate the highest common divisor of p and i.
2
Suppose 37 = -j + 39. Suppose n = -3, g + j*n = 364 + 92. Let z be g/55 - (-2)/(-5). Calculate the greatest common divisor of 4 and z.
4
Suppose 111*v + 39*v - 3750 = 0. Calculate the greatest common factor of 500 and v.
25
Let a(j) = 5*j**2 - 13*j**2 + 9*j - 7 - 3*j**3 + 4*j**3. Let h be a(7). Let r = 43 - h. Calculate the highest common divisor of 90 and r.
18
Let t = 2946 - 2940. Calculate the highest common factor of t and 786.
6
Let y = -418 - -444. Let x be (-304)/(-10)*65/y. What is the greatest common divisor of 608 and x?
76
Suppose 5*l + 3*r + 195 = -1268, 4*l + 1200 = 5*r. Let b = l + 301. What is the highest common factor of b and 51?
3
Let n(z) = -1019*z - 4027. Let g be n(-4). Suppose 0 = -3*a + 7*a. Suppose 3*u - l + 1 = 22, a = 3*u + 4*l - 21. Calculate the highest common factor of u and g.
7
Let a(b) = -3*b**3 + 5*b**2 + b + 11 + 2*b**3 + 5*b. Suppose 0 = -25*k + 24*k + 6. Let g be a(k). What is the greatest common divisor of 88 and g?
11
Let s = -103 - -159. Suppose 289*m = 287*m + s. Let b(d) = d - 1. Let l be b(5). Calculate the highest common factor of m and l.
4
Let l be (3 - 6)*(78/(-9) + -4). Suppose 2 = 2*k, -2*c - c + l = -4*k. What is the greatest common factor of c and 854?
14
Let w = 4195 - -719. Calculate the highest common divisor of w and 504.
126
Suppose 0 = -246*h + 640 + 2312. Let l = 58 - 52. What is the highest common factor of l and h?
6
Let w(l) = 4*l**2 + 60*l + 1963. Let a be w(-20). What is the greatest common factor of 85 and a?
17
Suppose 0 = -0*j + j - 8. Suppose -j*s = -22 - 26. Suppose -s*x + 301 = -563. Calculate the greatest common factor of 16 and x.
16
Suppose 3*x - 4*l = 268, -3*x + 248 = -2*l - 18. What is the highest common divisor of 198 and x?
22
Let c be (207/(-12) - -17)/((-2)/456). Calculate the highest common factor of 57 and c.
57
Let k be (-59763)/(-1)*(-6)/(-117)*13. What is the highest common factor of k and 22?
22
Suppose 0 = -5*p - p - 180. Let v(s) = -s**3 - 32*s**2 - 65*s + 42. Let x be v(p). Calculate the highest common divisor of x and 12.
12
Let y be 5/10*12540/10. Let l = -3 + y. Calculate the highest common factor of 48 and l.
48
Let u(s) = 45*s - 997. Let z be u(23). Let r = 91 - 51. Let t = r - z. What is the greatest common divisor of 1 and t?
1
Let s = 33 - 21. Let l(p) = 8*p - 25. Let k be l(s). Suppose -x + 3 = -3*i, -5*x + 5*i - 4*i = -k. Calculate the greatest common factor of x and 6.
3
Suppose -2 = o - 2*o. Suppose 3*x - 8*x = o*g - 81, -x = 1. Suppose 26371*n + 43 = 26372*n. What is the greatest common factor of n and g?
43
Suppose 78*q - 76*q - 10 = 0. Suppose 3*o - 3*x + 21 = q*o, 0 = -4*x + 4. What is the greatest common factor of o and 57?
3
Let i(k) = k**3 - 4*k + 1. Let n = -30 + 32. Let w be i(n). Let d be (-3)/(9/w) + (-39)/(-9). What is the highest common divisor of 44 and d?
4
Let z be (-4)/(-28) - 102*(6 + (-1205)/70). What is the highest common factor of z and 9009?
143
Let j(q) = -q**2 - 24*q + 51. Let f be j(-25). Let z(o) = o**3 + 197*o + 68 - 198*o - 3. Let m be z(0). What is the highest common divisor of f and m?
13
Let c be 3 + (12/3)/1. Calculate the greatest common divisor of c and 45.
1
Suppose 20*q = 4858 + 15382. Suppose -21*p = -q - 80. Calculate the greatest common divisor of 12 and p.
4
Let h be (((-73)/(-2))/((-2)/4))/((-94)/1222). Calculate the highest common factor of h and 104.
13
Let x(n) = 73*n - 779. Let t be x(11). Let c be (-1)/3 - 13/(-3). Suppose 0*a + 240 = c*a. Calculate the greatest common factor of a and t.
12
Suppose -7*g - 2*j + 894 = -4*g, -g - 5*j + 285 = 0. Calculate the highest common factor of 1860 and g.
60
Let c be (-49)/((-343)/(-2)) - (-2316)/21. Calculate the highest common divisor of 13970 and c.
110
Let h(n) be the first derivative of -n**4 - 7*n**3 - 5*n**2/2 + 16*n + 322. Let a be h(-5). What is the greatest common factor of a and 512?
16
Let l be ((-459)/36*2)/((-2)/28). Calculate the greatest common factor of l and 63.
21
Suppose 88*p - 146*p + 223648 = 0. Calculate the highest common divisor of p and 48.
16
Let j(y) = y + 3. Let s be j(7). Suppose 211*q = 212*q - 41. Suppose 5*n - 200 = 5*a, 2*n + 2*a - 39 = q. Calculate the highest common divisor of n and s.
10
Suppose 36*r - 4036 + 3640 = 0. Let v = -64 + 141. What is the greatest common factor of v and r?
11
Let y be (-14)/18*-71 - 22/99. Let n(b) = -b**3 + 4*b**2 + 14*b - 34. Let h be n(4). What is the highest common factor of h and y?
11
Let v(t) = 11*t**2 - 6*t + 17. Let a be v(6). Suppose -273 - 351 = -48*w. What is the greatest common divisor of a and w?
13
Suppose 5*l - 31 - 344 = 0. Let c = l + -71. Suppose -3*u = -3*i - 8*u + 37, c*i = -2*u + 26. What is the greatest common factor of i and 6?
2
Let p(d) = -d + 9. Let j(v) = 9. Let f(i) = -4*j(i) + 5*p(i). Let w = -22 + 11. Let u be f(w). What is the highest common divisor of 8 and u?
8
Suppose 6*h + h = 3*h. Suppose b = o - 100, -3*b + h*b + 84 = o. Calculate the greatest common divisor of o and 24.
24
Let s be (165/44)/(2/168). Let n = -210 + s. Calculate the greatest common divisor of n and 42.
21
Let y be (11/(-44))/((-2)/104*1). Let b be -2 - (3 + -326 + -2). Suppose -3*i - p = -b + 52, 5*i + 5*p = 445. What is the highest common factor of y and i?
13
Suppose 7*k = 9*k + 8, 5*k - 15 = -u. Let h = u + -25. What is the highest common factor of 85 and h?
5
Suppose 0 = -x - 2*w + 10, 3*w - 11 = 1. Suppose x*f + 11 = 3*f. Let u = f + -5. What is the greatest common factor of u and 9?
3
Suppose 39*l + 768624 = 179*l - 207456. Calculate the greatest common factor of l and 168.
84
Suppose -53 + 129 = 19*w. Suppose -1674 = -3*n - w*t, -n - n + 1116 = t. Calculate the greatest common divisor of 124 and n.
62
Suppose -101 = 18*o - 83. Let v be (391/o)/(-8 + 21 - 14). What is the greatest common factor of 23 and v?
23
Let z = 83 - 68. Let o be (z - 14)/((-1)/(-19)). What is the highest common factor of o and 2?
1
Let u = 1575 + -1080. What is the greatest common factor of u and 135?
45
Let l be (((-140)/21)/5)/(4/(-33)). Let f be (31 - -1 - 2) + (13 - l). What is the highest common factor of f and 12?
4
Let g(f) = -2*f**3 - 4*f**2 + 10*f + 10. Let b be g(-4). Suppose -b = 4*c - 10. Let h be (-26)/c + (-2)/(-3). What is the highest common factor of 15 and h?
5
Let r(f) = f**2 - 19*f + 56. Let l be r(4). Let x be ((l + 5)/1 - 4)*-9. Calculate the highest common factor of 9 and x.
9
Let f be (-18)/(-30) - (10012/20 + 2). Let b